n + 46. Give p(8).
62
Let x(z) = -269*z + 27. What is x(-1)?
296
Let x(n) = -n**2 - 10*n + 10. Calculate x(-10).
10
Let u(y) = y**3 - 34*y**2 + 61*y + 104. What is u(32)?
8
Let u(g) = -g**3 - 25*g**2 + 445*g + 35. What is u(-37)?
-2
Let w(a) = -a**2 + 1291*a + 25. What is w(0)?
25
Let y(v) = v**3 + 16*v**2 + 21*v - 22. Calculate y(-14).
76
Let i(s) = -s**2 + 245*s - 957. Give i(4).
7
Let d(b) = 2*b**3 + 2*b**2 - 12*b - 18. Determine d(-2).
-2
Let l(r) = r**3 + 8*r**2 + 2*r + 7. What is l(-8)?
-9
Let c(n) = n**3 + 24*n**2 + 26*n + 164. Determine c(-24).
-460
Let w(h) = 3*h**3 + 4*h**2 - h + 10. What is w(4)?
262
Let c(y) = -34*y**2 - 2420*y - 423. Calculate c(-71).
3
Let u(h) = 5*h**2 + 108*h - 1033. What is u(7)?
-32
Let r(n) = -10*n**2 - 26*n + 242. Determine r(-5).
122
Let m(f) = -397*f + 20624. What is m(52)?
-20
Let u(d) = -28*d**2 + 3*d - 2. What is u(1)?
-27
Let f(s) = 4*s**3 + 41*s**2 - 131*s + 42. Give f(3).
126
Let m(c) = -35*c**2 + 16*c - 18. Give m(1).
-37
Let m(z) = 70*z - 980. Give m(14).
0
Let b(g) = -371*g**2 + 1. What is b(1)?
-370
Let s(t) = 6*t - 119. Determine s(20).
1
Let g(v) = v**2 - 20*v + 31. Give g(8).
-65
Let n(z) = -6*z + 52. Give n(-6).
88
Let h(a) = a**3 - 4*a - 31. Determine h(0).
-31
Let l(z) = z**3 + 21*z**2 - 6*z - 141. What is l(-21)?
-15
Let f(l) = -282*l**2 + 2*l. Calculate f(1).
-280
Let t(p) = -26*p + 803. What is t(32)?
-29
Let u(y) = 5*y**2 + 91*y - 114. Give u(-20).
66
Let h(g) = g**3 + 6*g**2 + 2*g + 155. Calculate h(0).
155
Let t(n) = 9*n + 41. Calculate t(-5).
-4
Let g(z) = -47*z**2 + 4*z + 6. What is g(2)?
-174
Let u(w) = -w**2 + 551*w + 16820. Give u(-29).
0
Let r(z) = -z**3 + 10*z**2 + 109*z + 192. Give r(-5).
22
Let j(n) = -n**2 - 164*n + 166. Determine j(-165).
1
Let r(v) = 891*v + 40092. Calculate r(-45).
-3
Let k(t) = 3*t**2 + 94*t + 642. Give k(-23).
67
Let f(i) = -i**2 + 121*i + 1893. Give f(135).
3
Let n(a) = -2*a**2 - 11*a - 22. Determine n(-14).
-260
Let a(l) = -l**3 + 14*l**2 + 3*l - 63. Calculate a(14).
-21
Let d(r) = r**3 - 5*r**2 - 28*r + 80. Determine d(7).
-18
Let u(n) = -15*n**2 + 3*n + 17. Give u(2).
-37
Let d(t) = t**3 + 69*t**2 - 526*t + 454. Give d(-76).
-2
Let b(l) = -2*l**3 + 289*l**2 - 1530*l + 160. Give b(139).
21
Let a(t) = -5*t - 225. Calculate a(-5).
-200
Let w(i) = i**3 - 155*i**2 + 1714*i - 11. Determine w(12).
-35
Let v(i) = -7*i**2 + 9*i + 18. What is v(4)?
-58
Let d(s) = 98*s + 1936. Give d(-20).
-24
Let r(u) = -2*u**2 - 568*u + 1752. Determine r(-287).
30
Let c(q) = q**2 - 132*q + 271. Calculate c(2).
11
Let c(f) = -2*f**2 + 129*f - 582. Determine c(6).
120
Let n(m) = -m**3 - 29*m**2 - 136*m. Calculate n(-6).
-12
Let n(o) = 133*o - 9709. Give n(73).
0
Let z(c) = -c**3 - 13*c**2 + 13*c - 7. Calculate z(-15).
248
Let m(h) = 41796*h - 125387. Give m(3).
1
Let j(n) = n**2 + 8*n + 78. Calculate j(15).
423
Let h(v) = 2*v**3 - 8*v**2 - 18*v + 51. Give h(7).
219
Let q(i) = -i**2 + 18*i + 35. Calculate q(-15).
-460
Let j(x) = -151*x + 25822. Calculate j(171).
1
Let r(q) = 2*q**3 - q**2 - 25*q - 46. Calculate r(-2).
-16
Let z(p) = -26*p - 324. Determine z(-11).
-38
Let z(j) = -10*j + 722. Determine z(72).
2
Let c(y) = y**2 - 55*y + 157. Determine c(3).
1
Let p(y) = y**3 - 8*y**2 - 6*y + 41. Calculate p(8).
-7
Let a(u) = 10*u**2 - 3012*u + 6569. What is a(299)?
-9
Let i(t) = -157*t + 2047. Calculate i(13).
6
Let h(m) = 36*m + 31. Calculate h(-3).
-77
Let a(r) = -r**3 - 9*r**2 + 106*r + 34. Give a(7).
-8
Let g(o) = o**3 + 63*o**2 + 139*o + 1066. What is g(-61)?
29
Let z(n) = -25*n - 25. Calculate z(-1).
0
Let j(b) = 5*b**2 + 108*b - 18. What is j(-22)?
26
Let l(b) = -b**3 + 19*b**2 - 58*b - 7. What is l(11)?
323
Let k(l) = 489*l + 93898. What is k(-192)?
10
Let f(x) = 21*x**3 + 484*x**2 + 23*x + 19. Give f(-23).
19
Let b(q) = -12*q + 406. What is b(24)?
118
Let t(q) = 11*q**2 + 142*q - 100. Determine t(-13).
-87
Let g(u) = 393*u - 1062. Determine g(3).
117
Let y(m) = m**2 + 7*m - 1290. Calculate y(-43).
258
Let g(m) = -49*m**2 - 500*m - 531. What is g(-9)?
0
Let y(s) = 3*s**2 + 6*s - 350. Give y(-12).
10
Let j(u) = 2*u**2 + 60*u + 116. Determine j(-2).
4
Let b(h) = 67*h + 77. Determine b(-1).
10
Let c(m) = -1963*m - 37328. Determine c(-19).
-31
Let n(v) = -148*v**2 + 79*v - 163. Give n(2).
-597
Let w(r) = -102*r - 263. Calculate w(-2).
-59
Let a(h) = 2*h**3 + 5*h**2 + h - 25. What is a(-4)?
-77
Let o(g) = -g**3 - 9*g**2 + 28*g + 46. What is o(-11)?
-20
Let m(j) = -2*j**3 - 13*j**2 - 38*j + 32. Give m(-7).
347
Let h(k) = 33*k - 257. Calculate h(10).
73
Let u(h) = -1585*h + 6372. Give u(4).
32
Let p(t) = t**2 - 1588*t - 9599. Give p(-6).
-35
Let l(i) = i**3 - 67*i**2 + 76*i - 833. Give l(66).
-173
Let w(x) = 9*x**2 - 6*x - 13. Give w(-4).
155
Let n(c) = -25*c - 1814. What is n(-77)?
111
Let i(t) = 3*t**2 + 107*t + 127. Calculate i(-33).
-137
Let g(w) = 31*w - 595. What is g(19)?
-6
Let m(q) = -2*q**2 - 61*q - 185. Determine m(-27).
4
Let h(y) = 370*y - 5539. Determine h(15).
11
Let s(y) = 70*y - 1427. Calculate s(21).
43
Let o(c) = c**3 - 202*c**2 + 10193*c - 102. Give o(104).
2
Let z(v) = -3*v**3 - 8*v - 5. Calculate z(-1).
6
Let g(l) = -11790*l - 35370. What is g(-3)?
0
Let u(n) = 40*n + 34. Give u(-2).
-46
Let p(m) = m**2 - 11*m + 27. Determine p(4).
-1
Let z(a) = -a**3 - 22*a**2 + 18*a + 925. Give z(-21).
106
Let y(r) = -2*r**3 - 67*r**2 - 38*r - 41. Determine y(-33).
124
Let v(i) = 199*i - 5875. Determine v(30).
95
Let o(w) = -4*w**2 - 140*w + 795. What is o(-40)?
-5
Let f(z) = 12827*z - 25658. Calculate f(2).
-4
Let a(m) = -2*m**2 + 552*m - 8316. Give a(260).
4
Let a(o) = 392*o + 5128. What is a(-13)?
32
Let c(b) = 277*b + 17137. Calculate c(-62).
-37
Let y(p) = -2*p**3 - 12*p**2 + 86*p + 514. Calculate y(-7).
10
Let d(o) = -74*o + 3675. What is d(50)?
-25
Let d(p) = -181*p + 2680. Give d(15).
-35
Let h(x) = 27*x**2 + 3723*x - 432. Give h(-138).
-18
Let b(o) = 8*o - 330. Calculate b(41).
-2
Let j(b) = 30*b - 157. Calculate j(11).
173
Let x(n) = -n**3 + 29*n**2 - 198*n + 154. Give x(9).
-8
Let w(v) = -1302*v - 9113. Calculate w(-7).
1
Let c(b) = b**3 - 235*b**2 - 1696*b + 489. Determine c(242).
5
Let y(m) = -7*m**2 - 591*m - 306. What is y(-84)?
-54
Let j(m) = 740*m + 4446. What is j(-6)?
6
Let m(x) = 4*x + 9. Calculate m(4).
25
Let j(i) = -15*i + 101. Determine j(-6).
191
Let o(k) = 176*k + 164. Determine o(-1).
-12
Let d(j) = -j**3 - 8*j**2 - 23*j - 92. What is d(-7)?
20
Let y(r) = 3*r**2 - 45*r + 174. What is y(8)?
6
Let p(o) = o**3 + 4*o**2 - 20*o + 7. Calculate p(-7).
0
Let p(t) = -1874*t + 13111. What is p(7)?
-7
Let a(d) = 349*d + 29036. Determine a(-83).
69
Let w(v) = v**2 - 140*v + 4825. What is w(61)?
6
Let p(t) = -t**3 + 133*t**2 + 296*t - 3420. What is p(135)?
90
Let r(k) = 19*k + 143. Calculate r(-7).
10
Let r(o) = -5*o**2 - 233*o - 145. What is r(-46)?
-7
Let s(q) = q**3 + 15*q**2 - 13*q + 39. Calculate s(-16).
-9
Let m(x) = 968*x - 968. What is m(1)?
0
Let k(d) = d**3 - 12*d**2 - 2*d + 67. Give k(13).
210
Let y(m) = m**3 - 188*m**2 + 1943*m + 739. Determine y(177).
31
Let a(u) = 63*u**2 - 1197*u + 27. Calculate a(19).
27
Let l(v) = -59*v**3 + v**2 - v. Calculate l(1).
-59
Let u(a) = -19*a**2 + 15*a + 370. Calculate u(-4).
6
Let t(i) = 345*i - 4464. Determine t(13).
21
Let o(a) = -2*a**2 + 60*a - 50. What is o(36)?
-482
Let n(r) = -r**3 - 13*r**2 - 98*r - 1579. What is n(-14)?
-11
Let b(g) = 28*g**2 + 2*g + 2. Determine b(1).
32
Let k(n) = -300*n - 7532. Determine k(-25).
-32
Let w(t) = -19*t + 79. Calculate w(4).
3
Let z(a) = 120*a - 368. What is z(3)?
-8
Let m(t) = -t**2 + 3661*t - 43782. Give m(12).
6
Let f(o) = 6*o**3 + 2*o**2 + 5*o + 4. Calculate f(-1).
-5
Let d(s) = s**2 - 175*s + 2560. Determine d(16).
16
Let t(x) = x**2 + 168*x + 5795. Calculate t(-48).
35
Let p(r) = r**2 - 36*r + 112. What is p(29)?
-91
Let j(q) = -7*q**2 + 58*q - 156. Determine j(3).
-45
Let w(z) = 309*z + 7719. Determine w(-25).
-6
Let s(x) = 98*x + 491. What is s(-9)?
-391
Let d(c) = 3*c**3 - 22*c**2 + 6*c - 7. Determine d(7).
-14
Let p(d) = -2*d**3 - 16*d**2 + 22*d + 5. Determine p(-11).
489
Let i(k) = 48*k - 1923. Determine i(40).
-3
Let c(v) = v**2 + 76*v + 404. Determine c(-66).
-256
Let s(a) = 86*a - 4211. What is s(49)?
3
Let k(q) = -q**3 + 5*q**2 - 6*q + 137. Determine 